at is -12230011 (base 4) in base 9?
-41521
28495 (base 14) to base 13
364c2
-1120011020 (base 3) to base 16
-780c
Convert 704421 (base 10) to base 3.
1022210021200
What is -31432154 (base 8) in base 12?
-22b0264
Convert 567bc (base 15) to base 2.
1000011001010110111
-4733ac (base 14) to base 3
-11120102012122
Convert 24546 (base 16) to base 5.
14230211
-135762 (base 10) to base 3
-20220020020
Convert -4147564 (base 9) to base 2.
-1000011101001010101111
What is -576642 (base 12) in base 10?
-1400594
Convert 47677 (base 8) to base 14.
7623
-9155 (base 11) to base 12
-7054
What is -5653 (base 8) in base 10?
-2987
Convert -1a851 (base 16) to base 7.
-631456
-31322 (base 13) to base 5
-10312130
Convert -2352 (base 14) to base 10.
-6148
3331013033 (base 4) to base 9
1850135
Convert -1166317 (base 10) to base 3.
-2012020212221
Convert -b53bc (base 14) to base 11.
-2793a9
What is 131200 (base 7) in base 6?
305111
What is c3454 (base 16) in base 6?
25050524
-11245731 (base 9) to base 10
-5462992
-a4822 (base 14) to base 11
-251088
Convert -2485040 (base 10) to base 11.
-1448058
What is 24532531 (base 7) in base 12?
8a6a41
-266076 (base 10) to base 15
-53c86
28011 (base 11) to base 9
60710
14db073 (base 14) to base 8
46746335
What is 223603 (base 10) in base 5?
24123403
1434148 (base 9) to base 10
790361
What is -6284067 (base 10) in base 2?
-10111111110001100100011
21122210101 (base 3) to base 11
a3297
Convert 1315665 (base 7) to base 3.
22202122220
Convert 402211403 (base 5) to base 11.
9a3821
Convert 1ca5c6 (base 13) to base 3.
1101102222101
What is 21122444 (base 5) in base 6?
3441412
563349 (base 13) to base 10
2034990
What is -cfc51 (base 16) in base 6?
-30123533
Convert 5114245 (base 7) to base 6.
21015124
Convert -3a5461 (base 15) to base 6.
-140021201
-10222 (base 13) to base 9
-43611
-295f8 (base 16) to base 8
-512770
Convert 4134553 (base 7) to base 3.
221012202001
Convert -2010001212 (base 3) to base 14.
-11239
Convert 10001011101110000 (base 2) to base 14.
1c0da
What is -12550 (base 10) in base 16?
-3106
Convert -1421585 (base 9) to base 6.
-24432122
What is -4809993 (base 10) in base 9?
-10041056
What is -18410881 (base 9) in base 14?
-1337287
-40edc2 (base 16) to base 3
-22000011222220
What is -1abc43 (base 14) in base 13?
-275652
What is -1419776 (base 10) in base 15?
-1d0a1b
Convert -636564 (base 10) to base 14.
-127dac
What is -673354 (base 10) in base 4?
-2210121022
52021 (base 10) to base 13
1a8a8
What is 320100003021 (base 4) in base 14?
1d5bb97
6345 (base 8) to base 12
1ab1
963054 (base 14) to base 13
108ab71
What is 766856 (base 13) in base 12?
b23852
-24a6a (base 14) to base 6
-1532010
What is 1000100011001010100 (base 2) in base 10?
280148
Convert -662711 (base 10) to base 9.
-1220055
What is f92 (base 16) in base 11?
2aa4
What is 997994 (base 11) in base 3?
2222212110020
What is 41012241 (base 5) in base 14?
87cd1
-1040731 (base 8) to base 9
-464641
What is -220012120212011 (base 3) in base 15?
-11e1ac4
What is 10001011011000000001 (base 2) in base 13?
16cacc
101350132 (base 7) to base 14
b0a752
What is 264011 (base 8) in base 9?
150380
Convert -200333030200 (base 4) to base 16.
-83f320
-1110010100011000001010 (base 2) to base 10
-3753482
What is -448646 (base 10) in base 8?
-1554206
-143221023 (base 7) to base 2
-100100000011010011001000
-3c0b6 (base 16) to base 4
-330002312
What is 220862 (base 9) in base 10?
131924
9915 (base 13) to base 7
116064
-1261605 (base 7) to base 16
-289a7
183251 (base 9) to base 3
12210021201
-2191d (base 14) to base 11
-56150
461395 (base 10) to base 8
1605123
Convert 13111314 (base 5) to base 12.
62767
931887 (base 11) to base 10
1495776
8576280 (base 10) to base 15
b461c0
Convert -523664 (base 7) to base 10.
-90206
Convert 331355422 (base 6) to base 12.
1bb2b72
What is -25892 (base 15) in base 13?
-42857
What is 102221021222 (base 3) in base 15?
49938
Convert 50154066 (base 7) to base 4.
33310223223
What is -195c33 (base 14) in base 3?
-1200201010200
Convert -200102222212012 (base 3) to base 6.
-550031435
-14e65d (base 15) to base 13
-294c88
Convert -160121 (base 10) to base 5.
-20110441
-14232012 (base 6) to base 2
-1110110110000101000
Convert 11001100001000101111 (base 2) to base 5.
203224033
What is 82bd79 (base 14) in base 9?
8264434
What is 111103301210 (base 4) in base 5?
2412223040
What is 1341214124 (base 5) in base 15?
485529
657a8a3 (base 12) to base 9
40322206
Convert 882375 (base 13) to base 15.
434439
402452 (base 6) to base 16
7be0
Convert -92bb3 (base 13) to base 2.
-1000000010100011000
1432671 (base 10) to base 7
15114612
What is 4aa0ac (base 14) in base 15?
35964d
What is -43121014 (base 5) in base 8?
-1306554
What is 1b1016a (base 12) in base 10?
5744098
What is 2891475 (base 10) in base 14?
553a5d
-13773c (base 16) to base 12
-516310
-1620551 (base 9) to base 15
-12b6dd
101101111100111000 (base 2) to base 15
3ab7b
Convert 5050105 (base 6) to base 13.
851c3
Convert 24c7883 (base 13) to base 8.
53671570
What is a165a7 (base 11) in base 15?
22418e
907c (base 13) to base 2
100110110100100
What is -102001122001 (base 3) in base 6?
-4355514
-97ccc0 (base 15) to base 9
-14542550
Convert 203282 (base 9) to base 15.
25a9b
What is -15ddf (base 16) in base 13?
-319ca
Convert a72a46 (base 11) to base 8.
6431267
Convert 16729 (base 13) to base 2.
1010011111010001
-246460412 (base 7) to base 6
-1314335255
-47510 (base 9) to base 6
-403013
-120001001002 (base 3) to base 16
-48443
-10233122202 (base 5) to base 2
-101001010100101110100010
401102142 (base 5) to base 3
2222100110211
Convert -8488101 (base 9) to base 5.
-2130434001
What is -955bab (base 14) in base 10?
-5048523
Convert -4465146 (base 8) to base 6.
-41511234
-403c2c (base 16) to base 14
-7b8216
Convert -1011001111001000 (base 2) to base 7.
-251116
What is -4083360 (base 9) in base 15?
-2d1226
Convert -120332021 (base 4) to base 5.
-11233111
What is -544051 (base 8) in base 12?
-89609
Convert 220c4a (base 15) to base 13.
44a826
Convert 293376 (base 10) to base 16.
47a00
-177b46 (base 12) to base 9
-681250
10134111223 (base 5) to base 11
59a2601
What is -16a849c (base 13) in base 11?
-4176659
Convert -4101231234 (base 5) to base 7.
-126633424
What is 6712204 (base 8) in base 4?
12321102010
Convert -41dcc (base 15) to base 5.
-23141432
135410315 (base 6) to base 16
2a7fc7
Convert -34a90 (base 12) to base 3.
-10120221100
e2b92 (base 15) to base 5
140434422
Convert -3467a (base 16) to base 5.
-23332100
What is -19236 (base 14) in base 16?
-f840
What is -1ac2615 (base 13) in base 10?
-8887897
Convert -97094 (base 11) to base 5.
-14004224
-a7e05 (base 16) to base 14
-13c83b
-10111111110001110 (base 2) to base 4
-113332032
Convert -4b7684 (base 12) to base 5.
-304031414
What is 112311100 (base 4) in base 15?
1ca9a
12002102011010 (base 3) to base 2
1010010100010100111101
What is -289678 (base 10) in base 2?
-1000110101110001110
Convert 3b6c8 (base 16) to base 6.
5114504
Convert 12331557 (base 8) to base 6.
134324211
-64bbc (base 15) to base 10
-319902
Convert -63132100 (base 7) to base 3.
-101000020020011
607 (base 9) to base 14
273
What is -10433255 (base 6) in base 11?
-1a61a5
What is 26a42 (base 15) in base 7?
1023653
1001101111100000111010 (base 2) to base 7
30464546
220000211102 (base 3) to base 11
2a3408
What is 66608 (base 13) in base 5?
21414240
105242531 (base 6) to base 8
7301667
-328aa (base 11) to base 10
-47673
What is -7461545 (base 8) in base 12?
-800605
What is 4517649 (base 10) in base 6?
240455013
What is -11011101111101111 (base 2) in base 4?
-123233233
What is -4b34a4 (base 16) in base 15?
-675536
What is 22514133 (base 6) in base 16?
a9809
Convert -cb02b (base 16) to base 6.
-25453403
What is 1c7c7a7 (base 13) in base 4?
210101300300
Convert -1491652 (base 13) to base 11.
-3789966
1210221023 (base 4) to base 7
3334565
What is aa347 (base 11) in base 12?
78806
What is 10100101001100100100010 (base 2) in base 12?
1990742
101112101001210 (base 3) to base 10
5597310
Convert 10001011100000010 (base 2) to base 16.
11702
-402505 (base 8) to base 12
-64771
Convert 131332202 (base 5) to base 14.
12d961
Convert c71b2 (base 15) to base 5.
130202032
Convert 75314 (base 10) to base 14.
1d638
What is 111066 (base 15) in base 2?